
-47
Evaluate 10 + (-43 + 83 - 42).
8
0 + 5 + 23 + (27 - (19 - 5) - 19)
22
1160 + -1195 + 56 + 0
21
-44 + (-264 + 241 - ((2 - 3) + 0))
-66
Calculate 26 + -2 - (-279 + 294) - -18.
27
What is -6175 - -6129 - (21 - (0 - (1 + -3)))?
-65
(1 - -23) + -98 + 192 + -96 + -109
-87
Evaluate 127 - 38 - (-45 + 16).
118
What is (119 - (-163 - -257)) + 32 + 2?
59
Evaluate 31 - (-23 + (12 - 20) + 27).
35
Evaluate 50 + -70 + 2 + -1 + 43.
24
What is (0 - 31) + -2 - (-24 + -8 + 22)?
-23
Evaluate -1 - (2 - -1) - (-455 + 432).
19
What is (14 - (19 + (3 - (-14 - -18)))) + 6?
2
Calculate 1 + -17 + 1 - (5815 - 5817).
-13
-8 + -29 - (1 + -11 + 16 + -3)
-40
What is the value of -10 - ((-3 - (15 + -3 + -25 - -26)) + 10)?
-4
Calculate (3101 - 3154) + 3 + -13.
-63
What is the value of 33 + 13 + (9 + -46 + 11 - -14)?
34
What is 7 + -6 - 5 - (12 - 12 - 14 - -70)?
-60
Evaluate -35 + 10 + (-6 - (10 + (5 + 0 - 12))).
-34
Calculate -13 + -92 + 55 + 74.
24
What is (-9 + -1 + 7 - 3) + (19 - -23)?
36
What is the value of -3366 + 3388 - (-2 - -78)?
-54
What is 10 + -114 + 31 - -36 - -129?
92
(-93 + 26 - -61) + 2
-4
Evaluate -1 - 11 - (38 - (-2 + -2 + 12)).
-42
Evaluate -371 + 221 + 32 + -7.
-125
Evaluate -23 + 3 - (-171 - (-28 - 62)).
61
15 - -16 - 36 - (49 + 20)
-74
What is the value of 84 - (95 + -5 + -54)?
48
6 + 79 + (10 - 23 - 14) + 19
77
Calculate -117 + 155 + -24 + -32.
-18
Evaluate (111 - 142 - -37) + (0 - -45) + 2 + 0.
53
Evaluate 2 + -44 + 23 + -55 + 9.
-65
What is (35 - 40) + (-1 - -10) + -63 + (-5 - -3)?
-61
-5 + (-17 + 11 + 9 - (10 + -1 - 0))
-11
What is the value of -12 + -9 + (-45 - -27) - 12?
-51
What is the value of 50 + -38 + -21 - (0 + (2 - -1) - -1)?
-13
What is 5 + (-7 + -6 - -6)?
-2
What is 8 + (107 + -137 - -168)?
146
What is the value of -96 + -49 + 9 + 59?
-77
What is the value of (56 - 13) + (139 - 144) - (1 - -6)?
31
What is -43 - (-73 + 151 - 71)?
-50
Evaluate -9 + 6 + (-17 - 3) + (22 - 9).
-10
What is the value of -35 - (28 + -61) - (-45 + 2)?
41
What is the value of -193 + 222 + -5 + (-7 - 49)?
-32
Calculate -17 + 4 - (2 + -3) - -20 - 0.
8
-30 - (-27 - 8) - (0 + (3 - -4))
-2
Calculate 17 + 3 + (12 - (-10 + (-6 - -17))).
31
(1 + (0 - -17) - (-6 - -11)) + 378 + -374
17
Evaluate 22 + -5 - (68 - (37 - 17)) - 5.
-36
-11 + 8 + -14 + 0 + 8 - 26
-35
1 + 10 - 9 - (-269 + 221)
50
Calculate 1 - ((-8 - -25) + -15) - (-19 - 18).
36
Evaluate 32 + 58 + -34 + -3 + -16.
37
Evaluate 30 + -29 + 28 + (0 - -1 - (-11 - -26)).
15
Evaluate 4 - 15 - (-17 + (10 - -52)).
-56
(-81 - -202) + -77 - ((23 - 5) + 0)
26
What is the value of -3 - 14 - (99 - 91 - (-31 - -1))?
-55
What is the value of -11 - (6 + -9) - (-27 + 82 + -45)?
-18
(14 + 1 - (145 - 150) - 2) + 25
43
-9 - ((22 - -19) + -24)
-26
What is the value of 14 + -1 + -6 + -1 + 4 + -10?
0
(3035 - 3045 - (0 + -8 + 1 + 0)) + -12
-15
0 - -14 - (-435 - -414 - (-29 + -4 + 3))
5
What is the value of (-13 - 37) + -34 + 44 + 0 + 2 + 1?
-37
38 - (81 - (78 - -24))
59
Evaluate (-75 + 7 - -32) + 67 + 72.
103
Calculate -2 + (1 - -15) + (-47 - -19) + -38.
-52
Evaluate 3 + (-49 - ((-2 - -2) + (4 - 4 - 8))).
-38
What is the value of (51 + -12 + -36 - 40) + (-4 + 2 - 3)?
-42
What is 6 + -6 + -18 - -12 - -7?
1
Calculate 1680 + -1572 + -8 + -1.
99
Calculate -2 + 0 - ((-41 - (58 - 41)) + 17).
39
What is the value of -47 - -21 - -9 - (-6 - -21)?
-32
What is 17 + (-27 - 49) + 11 + -2 - (-1 + -9)?
-40
What is the value of -18 - 1 - (8 + (-15 - (12 + -13)))?
-13
What is the value of -19 + -2 + -21 - ((-1 - 7) + 7)?
-41
Calculate -66 + -2 + -22 + (-4 + 26 - (13 + -11)).
-70
Calculate -4 + (-3 - -1 - -40) - (235 + -227).
26
-50 - (-54 + (-36 - -76))
-36
Calculate 5 - 3 - (1 + 1 + 132 + -130).
-2
Evaluate -58 - -69 - 5 - (46 + -1).
-39
What is 16 + 36 + -6 + -20?
26
Evaluate (-7 - -1) + (54 - -6) + 133 + -187.
0
Evaluate 66 - ((-15 - 0 - -1 - 14 - -13) + 7).
74
Evaluate -547 - -557 - (18 - 1).
-7
(-94 - -243) + -156 - 78
-85
What is the value of -1 + 73 + 1 + (-3328 - -3313)?
58
What is the value of 22 - ((3 - (-2 + -2 + 13)) + 5)?
23
What is -75 + 82 + -36 + -23?
-52
What is (43 + -53 - -52 - (-1 + 2)) + -23?
18
What is 93 + (-217 - -139 - -117)?
132
What is the value of (61 - 12 - 55 - (7 - 1)) + 25 + -43?
-30
What is -2 + (11 - (-4 - -23)) + (1 - -46)?
37
What is the value of (18 - 0) + (-56 - -54) + 4 + 1 + -7?
14
-142 - ((-3 - 6) + -13 + -8)
-112
What is the value of 28 + (10 - (70 + -4))?
-28
Evaluate -15 + -1 + (33 - 88) + (2 - 5 - 9).
-83
Calculate -22 - (-13 + (-34 - -18)) - 2.
5
What is -7 + (11 - 19) + 20 + -14?
-9
Evaluate -3 + 6 + -19 + (138 - 36) - -11.
97
Calculate 2 + -7 - (108 - 112 - (3 + -2 + 69)).
69
What is the value of -6 - (16 + -71 + 10)?
39
Calculate 3 + 8 + -11 - -31.
31
(-1 + 3 - -123) + (-26 - 149 - -191)
141
Evaluate 9 + (-51 - (-54 - (7 + -33))).
-14
What is -61 - ((10 - 7) + -4 - (-17 + -2))?
-79
Calculate 8 - (-95 + 86 + -28).
45
Calculate (-4 - 32) + (11 - (-7 + 8)) + -17.
-43
What is the value of (58 - -71 - 178) + (-26 - 2)?
-77
What is the value of -9 - -1 - (-2 - (7 - (-3 + -5 + -45)))?
54
Evaluate (6 - 0 - (18 - (-13 + 30))) + 21.
26
What is the value of (-37 - (-26 - -12)) + 5 + -10?
-28
What is (244 + -261 - (-40 + 0)) + 5 + -102?
-74
What is -1 - (-23 + (30 - 58))?
50
What is the value of (43 - (-32 + 63)) + -1 + 40?
51
What is the value of (-132 - 35) + 22 - -61?
-84
Calculate -4 - -92 - 44 - 102.
-58
Evaluate (3 - 53) + (-45 - 28) + 85.
-38
Evaluate -30 - (7 + (10 - 17) - (-3 + -1)).
-34
Calculate 12 + 5 + 1 + 59 + -74.
3
What is 98 + 111 + -341 + 106?
-26
Calculate -34 - ((-26 - (-44 + -4)) + -28).
-28
What is 13 + -31 + 11 + 13 - (-33 - 4)?
43
Calculate (76 - (-1 - -2 - 1)) + (431 - (-8 + 442)).
73
What is 70 - ((15 - 1) + (144 - 171 - (3 - 21)))?
65
What is the value of -1 - 1 - -9 - (-21 + 34)?
-6
What is -10 + -1 + 80 + (65 - 140)?
-6
What is the value of 52 - (-19 - -66) - (2 + 113)?
-110
What is 23 + -8 + 3 + (29 - (-1 - -19))?
29
What is -19 + 35 + -82 + -3 - 0?
-69
Calculate -428 + 414 + (39 + -1 - (-8 - -5)).
27
Calculate 30 + -21 + 7 + -15 + 10 + 1 + -10.
2
Calculate 24 + -1 + -5 + 10 + (1 - -2).
31
Calculate 78 + (8 - (-27 - -79)).
34
Evaluate (-75 - 4) + 12 + -1 + (66 - (-54 + 124)).
-72
Calculate -28 - (-90 + 28 + -32 - -12).
54
Calculate (-58 - (-13 - (-4 - 4))) + -230 + 230.
-53
Evaluate (0 - (-2 + -2)) + (550 - 563).
-9
What is the value of 19 + (12 - (-16 - -35)) - (-5 - 0 - -81)?
-64
What is (112 - 4) + -64 + (68 - 10)?
102
20 - (5 + (45 - 47) + (-10 - 1) - -15)
13
What is the value of -9204 + 9261 + (-1 - 34)?
22
What is the value of (50 - (1 - -1)) + (-29 - (-37 + 23) - -18)?
51
What is the value of 48 + (-68 - -48) + -25?
3
Calculate -5 + 6 - (7 + -15 + 23 + -72).
58
Evaluate 45 - (-20 - -70) - (16 - 1 - -1).
-21
What is the value of -123 + 125 + (-2 + 0 + -4 - 14)?
-18
Calculate 30 + -11 + -17 - (-4 + (5 - 6)) - -34.
41
What is the value of (-1 - (5 + 14)) + 9 - -24?
13
What is the value of (4 - (24 - 24)) + -2 + 18 - 13?
7
(10 - (7 - 4)) + -18 + (3 - -8) - 41
-41
19 - (74 + 29) - -79
-5
What is the value of 9 + -1 - (-2360 - -2411)?
-43
Calculate 100 - ((-69 - -15) + 89).
65
What is the value of -9074 + 9013 + 51 + 1 + 88 + -1?
78
Evaluate 23 - ((-4 - (4 - 37)) + 9).
-15
(44 + 6 - 63) + -5 + -1
-19
What is -5 - (1 - 3) - (-6 + 27 + -49) - 5?
20
What is the value of -9 + 4 + 9 + (-59 - 0) + 16?
-39
129 + (-82 - -184) + -118
113
Calculate 37 + 1 + -1 - (-31 + (50 - (-21 + 32))).
29
What is the value of (-13 - 2 - -23 - 22) + (-8 - 3)?
-25
What is the value of -20 + (5 + 14 - 75 - 14 - 0)?
-90
Evaluate (10 - (-1 - 0)) + -32 + 15 + -3.
-9
What is the value of -122 + -1 + (-9 - -11) + -277 + 296?
-102
What is (25 - (122 - 88)) + (-6 - 15)?
-30
What is (-7 - (1 + 14 + -30)) + 13?
21
Calculate (2 - -1 - (-484 + 463)) + 45.
69
0 - 36 - (7 + -24) - -25
6
What is the value of 0 + 67 + 0 + (-29 - (-61 + 20))?
79
What is 24 + 56 + -12 + -83 - (-1 - 0)?
-14
Calculate 1 + 1 + 118 - (-10926 - -10936).
110
Evaluate -1 + (9 + -75 + -17 + 6 + -1 - 2).
-81
Evaluate -15 + 14 + (2 - 1) + (-28 + 11 - -45).
28
Evaluate -32 - (-15 + 21 + -8 + 18).
-48
Calculate -188 + 54 + 116 + -31.
-49
Calculate (-36 - (-6 + -15) - -24) + -32.
-23
What is the value of (-1 - -15) + (7669 - 7614)?
69
What is the value of